b(l) + 11*f(l). Give z(14).
-2
Suppose 0 = -175*o + 174*o - 3. Let m(t) = t - 6*t - 7 - 2*t + 4 - 1. Calculate m(o).
17
Let o(r) = 9*r + 67 - 2*r**2 - 47 - 14 - 13. Determine o(5).
-12
Let p(r) = -r**3 - r**2 - 6. Let s be (-5)/((-100)/8) + 8/5. Suppose 3 + 0 = 4*t + k, -s*t + k = -9. Suppose -8 = 3*v + t*o, 4*v - 4 = 3*o + 8. Determine p(v).
-6
Let f(t) = -t**2 - 3*t + 11. Suppose 0 = 27*s + 228 - 40 + 55. What is f(s)?
-43
Let b(p) = -p**3 - p**2 + p. Let h be ((-2)/(-2))/((-2)/28). Let u be 12/(-42) - 32/h. Suppose -11 = -u*f - 9. Give b(f).
-1
Let u(o) be the second derivative of -o**4/12 + o**3 - 3*o**2 + 16*o - 1. Let q(h) = h + 5. Let s be q(-5). Let g be 4 - (s - 0)/(-4). Determine u(g).
2
Let s(a) = -5*a - 4 + a + 5*a. Suppose 22*n - 29*n + 119 = 0. Suppose -5 = 4*l - n. Calculate s(l).
-1
Let v be 4*((-35)/14)/(-5). Let i(l) = 1 - 14*l - 1064*l**2 - 2 + 1066*l**v. Determine i(7).
-1
Suppose 5*r = 3*r. Let p(b) = 15*b - 9. Suppose 4*a = 8, 5*k - k - 26 = -5*a. Let h(i) = 19*i - 10. Let j(t) = k*h(t) - 5*p(t). What is j(r)?
5
Suppose -4*b - 1 = m, -3*b + 11 = m - 5*b. Let d(v) be the third derivative of 1/24*v**4 + 7/6*v**3 + 0 - 173*v**2 + 0*v. Determine d(m).
14
Suppose 2*u + 2*q + 6 = 0, -8 - 2 = 4*u + 5*q. Let h(j) = -4*j**2 + 2. Let n(d) = d**3 + d**2 - d + 1. Let o(i) = -h(i) + n(i). Calculate o(u).
4
Let i(y) = 13*y + 24. Let c(h) = -5*h**2 - 19*h + 240. Let n be c(-9). Determine i(n).
102
Suppose 125*z - 120*z = 0. Let t(v) be the third derivative of 0*v**3 + 0 + 18*v**2 + 0*v - 1/60*v**5 + z*v**4. Calculate t(-3).
-9
Let w(a) = -a**3 + 4*a**2 - 4*a. Suppose b + 88 - 82 = 0. Let f = b + 10. Suppose -2*s - 3*z + 3 = -0*s, f*z = 5*s - 19. Calculate w(s).
-3
Suppose 12*y - 28 = -76. Let s(c) = -2*c**3 - 94*c**2 - 2*c + 191*c**2 - 103*c**2 + 2 + c. Determine s(y).
38
Let u(q) = q**2 + 23*q - 58. Suppose -139*o + 304 = 3779. What is u(o)?
-8
Suppose -42*c + 39*c + 15 = 0. Suppose c*n + 15 = 5*x, x = -2*n - 8 + 2. Let u(p) = 5*p**2 + 2*p + 2. Calculate u(n).
41
Suppose m + 3 = -v, 3*v - 4*v - 31 = 8*m. Let r(q) = 3*q**3 - q**2 - 2*q + 2. Give r(v).
2
Let u = 3385 - 3383. Let c(p) = -4*p**3 + 2*p**2 - 3*p - 2. What is c(u)?
-32
Let s(p) = p + 4. Let c(x) = 0*x + 4*x - 3*x + 1. Let k(o) = -2*c(o) + s(o). Let y = 21653 + -21656. Give k(y).
5
Let b(v) = 16*v. Suppose 11*i + 179 - 245 = 0. Let t be (-225)/150*2*(-2)/i. Calculate b(t).
16
Suppose -59 = -11*m + 95. Let b(y) = y**2 - 12*y + 7. Determine b(m).
35
Let w(z) = -2*z**3 - 13*z**2 - 3*z + 1 - 13*z**2 + 3*z**3 - 9*z**2 + 27*z**2. Give w(8).
-23
Let j(v) = -1 + 0*v - 2 + 6*v. Let b = -385383 - -385385. Determine j(b).
9
Let h(p) be the second derivative of -p**5/60 - p**4/12 + 3*p**3/2 + 14*p. Let c(d) be the second derivative of h(d). Let b be 0 + 4/(-1) + 0. Determine c(b).
6
Let t be -2 - (-8 - 18/(-6)). Suppose -d - t*n = 2*n + 17, 7 = 4*d - 5*n. Let c(y) = -5*y - 3. Calculate c(d).
7
Let s(v) = 9 - v - 9 - 13 + 35. Determine s(25).
-3
Let q(m) be the first derivative of -m**4/4 - 8*m**3/3 + 7*m**2/2 - 3*m - 1204. What is q(-9)?
15
Let x(v) = -2*v - 24. Let d(n) = -5*n - 47. Let o(k) = 3*d(k) - 5*x(k). Let f be o(-13). Suppose 45*b + 6 = f*b. Let m(p) = 2*p + 1. Give m(b).
-11
Suppose -20 = 16*f - 26*f. Suppose -19 = a + 5*c, f*c - 3*c = 4*a. Let l(m) = -14*m**3 + 5*m**2 + m - 6*m**2 + 0*m. Calculate l(a).
-14
Suppose 5*v = 5*h + 190, -4*v - 2*h + 3*h = -164. Suppose -11*a + 90 = -v. Let g(d) = 2*d - 17. Determine g(a).
7
Suppose -m - 2*f + 22 + 20 = 0, 4*m + 4*f = 188. Let z = m - 50. Let i(c) = -3*c - 1 + c**2 + c**z - c**2 + 6. Calculate i(4).
9
Let l(o) be the second derivative of o**4/12 - o**3/3 - 12*o**2 - 78*o. Let q(i) be the first derivative of l(i). What is q(2)?
2
Let b(j) be the first derivative of 5*j**2/2 + 15*j + 1033. What is b(-6)?
-15
Let y(q) = 2*q**2 - 29*q - 800. Let p be y(-14). Let t(g) = 4 + 0*g - 2 - g. Give t(p).
4
Let z(d) = 4*d. Suppose 0 = 5*x + 9 + 6. Let i be 10 + (x - -1) + -3. What is z(i)?
20
Let k(y) = 27*y**3 + 651*y**2 + 71*y + 1. Let i be k(-24). Let l(b) = b**2 - 22*b - 25. What is l(i)?
50
Let z(f) = -4 + 77*f**2 + 1 - 2*f - 139*f**2 + 66*f**2. What is z(4)?
53
Suppose 3*s + s + 4*q - 24 = 0, s + 5*q + 6 = 0. Let m(u) = -26153*u + 52301*u - 26151*u. Determine m(s).
-27
Let f be (-99)/15 - (117/(-45) + 3). Let w(n) = 1 + 68*n**2 - 67*n**2 + 6*n + 0. What is w(f)?
8
Let b = -10895 + 10903. Let z(f) be the third derivative of -1/120*f**6 - 1/6*f**4 + 0*f + 0 - b*f**2 + 1/10*f**5 - 1/3*f**3. Calculate z(5).
3
Let m(n) = 2*n. Let c(l) = -2*l + 1. Let z(a) = 4*a. Let w be z(1). Let f(j) = w*m(j) + 3*c(j). Calculate f(-4).
-5
Let p(g) = -g**2 - 9*g - 12. Suppose -61 = -23*f - 176. Determine p(f).
8
Let g = 12 + -5. Let f(p) = -3*p + 56. Let n(a) = -14*a + 256. Let x(d) = 32*f(d) - 7*n(d). Determine x(g).
14
Let a(l) = -7*l - 17. Let y(w) = -2*w. Let j(s) = a(s) - 3*y(s). Determine j(-12).
-5
Let p(x) = -140 + x**2 - 2*x**2 + 5*x**3 + 137 + 2*x**2 + 2*x. What is p(2)?
45
Let n(b) = -2 + 7*b + b + 0*b - 2*b. Let g be -4*10/(-20)*(-3 - 49/(-14)). Give n(g).
4
Let a = -213 - -208. Let q(v) = v**2 - 3*v + 0*v + 13*v - 3*v. What is q(a)?
-10
Let f(i) = 2*i**2 + 6*i + 6. Let c(n) = -n**2. Let t(s) = -c(s) - f(s). Suppose 8498 + 7079 - 198 = -2022*v + 3247. Give t(v).
-6
Let h(o) be the first derivative of o - 4545*o**2 - 56 + 4541*o**2 + 0*o. What is h(1)?
-7
Let s be 0/4*-1 + -4. Let z(n) = 17 - 4*n**3 - 11 - 6*n**2 - 6 + 3*n**3 - 2*n. Determine z(s).
-24
Suppose 949 - 4911 = 283*c. Let r(i) = i**3 + 13*i**2 - 17*i - 41. Calculate r(c).
1
Let i be 16 - (-1 + 0)/(8/(-24)). Let q = 17 - i. Suppose 3*m = -0*m, -24 = -q*y - 2*m. Let c(b) = -b**3 + 5*b**2 + 6*b - 2. Determine c(y).
-2
Let i(q) = -q**2 - 2*q. Let l(b) = -21*b - 12. Let r(s) = 18*s + 11. Let x(n) = 5*l(n) + 6*r(n). Let g(y) = i(y) + x(y). Calculate g(0).
6
Let o be (0 + (-16)/(-12))/((-19)/((-2280)/16)). Let t(i) = 17*i - 169. Determine t(o).
1
Let j(f) = -5*f**3 + 15*f**2 - 23*f + 15. Let c(o) = -11*o**3 + 33*o**2 - 49*o + 29. Let z(n) = -6*c(n) + 13*j(n). Calculate z(4).
17
Let t = 4324 - 4325. Let n(p) be the first derivative of -5*p**2/2 - p + 2. Determine n(t).
4
Let o(r) = -3*r - 3. Let p = -68 + 164. Suppose -17*g - 7*g - p = 0. Determine o(g).
9
Let i(q) = q - 19. Let g(f) = -f**2 + 5*f + 62. Let w be g(-6). Let h(a) = a - 17. Let y(d) = w*h(d) + 5*i(d). Determine y(0).
-27
Let t be 528/4*(57/(-6))/(-1). Let p(r) = -t*r + 629*r - 4 + 624*r. What is p(-11)?
7
Suppose 5*n - 9185 = -5*u, 0*n = -3*n - 5*u + 5501. Let s(j) = -3*j - 1842 + n + j. Give s(5).
-10
Let a(k) = 2*k + 7. Let b(h) = -h**2 - 2*h + 7. Suppose -15 = r - 18. Suppose r = -2*w - 7. Let d be b(w). Calculate a(d).
-9
Let n(a) = -46351*a**3 - 46361*a**3 + 35 - 129*a + 92711*a**3 + 36*a**2. What is n(32)?
3
Let v be (-2639 + 2640)/(1 + (-6)/4). Let s(j) = 3*j - 6. Let z(f) = f - 1. Let l(q) = -s(q) + 4*z(q). What is l(v)?
0
Let l(o) = -o - 3. Let a(b) = -3. Suppose 4 = -51*n + 49*n. Let d(g) = n*a(g) + 3*l(g). Determine d(-6).
15
Suppose -32*p = 675 - 995. Let h(t) = 0*t**2 + 0*t**2 - 9*t - t - 3 + t**2. Give h(p).
-3
Let x(c) be the first derivative of 11*c**3/3 + 5*c**2/2 + 3*c + 3125. What is x(-1)?
9
Let t(q) = -29684*q + 14837*q + 14845*q + 1. Let b(m) = -m. Let x be b(4). Determine t(x).
9
Let y(q) = 4*q + 9. Let k(a) = -a**2 - 80*a - 214. Let b(w) = k(w) + 23*y(w). Let g(i) = -i**2 + 6*i + 6. Let h be g(5). What is b(h)?
4
Let s(u) = u**2 + 15*u - 10. Let g(v) = 3*v**2 + 44*v - 31. Let x(j) = -6*g(j) + 17*s(j). Let m(p) = 6*p + 13. Let h be m(-4). Calculate x(h).
-6
Let d(p) = -2*p + 1. Let c be -6*(15/(-9) + 4). Let x = 13 + c. Let i be (-8)/(-16)*8/x. What is d(i)?
9
Let b(n) = -18*n - 1 + 6 + 0 + 10*n. Let v(q) = -q**2 + q + 2. Let g be v(-2). What is b(g)?
37
Let w(j) = 3*j. Let a(d) = d**2 - d + 22. Let b(i) = -a(i) + 4*w(i). Determine b(11).
0
Let j = 1944 + -1963. Let p(m) = 2*m**2 + 40*m + 43. Give p(j).
5
Let b be 120/(-35) + (-8)/14. Let i(o) = 2*o - 13. Let w be i(b). Let u be (-15)/w - (-4)/14. Let k(a) = -8*a - 1. Give k(u).
-9
Let n be 4/(-14) + 108/(-14). Let j(i) be the second derivative of -i**4/12 - 7*i**3/6 - 5*i**2 + i + 444. Determine j(n).
-18
Let z(n) be the third derivative of -n**5/60 - 3